e
Is 475450020 a multiple of 27?
True
Does 953 divide 411213297?
False
Does 13 divide 224884179?
True
Does 269 divide 55023420?
False
Is 13 a factor of 507609622?
True
Does 3225 divide 656203650?
True
Does 69 divide 5354453486?
False
Is 132686334 a multiple of 313?
True
Is 180163408 a multiple of 16?
True
Does 324 divide 44959536?
True
Is 9448891 a multiple of 147?
False
Does 2732 divide 1423452690?
False
Is 50692602 a multiple of 282?
True
Is 33563486 a multiple of 226?
True
Does 912 divide 68544537?
False
Does 67 divide 448932372?
False
Does 982 divide 5234562784?
True
Is 5 a factor of 449986880?
True
Does 1953 divide 702136140?
False
Does 12 divide 481787?
False
Is 299435954 a multiple of 62?
False
Is 64 a factor of 125275715?
False
Is 29261148 a multiple of 9?
False
Does 2 divide 468619511?
False
Is 244746222 a multiple of 14?
True
Is 720630828 a multiple of 9?
True
Is 5780902 a multiple of 298?
True
Is 69910636 a multiple of 244?
True
Is 435 a factor of 431813919?
False
Is 22627171 a multiple of 305?
False
Is 23 a factor of 141347213?
True
Is 806034142 a multiple of 455?
False
Is 8 a factor of 2715037?
False
Is 47 a factor of 104474436?
False
Is 187986483 a multiple of 2713?
True
Is 1031 a factor of 609414829?
False
Does 727 divide 638113073?
False
Is 213914665 a multiple of 11?
False
Is 1122 a factor of 19935696?
True
Is 424 a factor of 864392839?
False
Is 7530529 a multiple of 7?
False
Is 149 a factor of 18584621?
True
Is 1317420492 a multiple of 4892?
True
Is 41 a factor of 6723704?
False
Is 8 a factor of 11827232?
True
Is 2633 a factor of 832441381?
True
Does 154 divide 115360268?
False
Does 468 divide 4977293724?
True
Is 51 a factor of 3801984?
False
Does 598 divide 44234624?
False
Is 259 a factor of 50688811?
False
Does 131 divide 54194176?
True
Is 253035052 a multiple of 27?
False
Is 1253 a factor of 1764944475?
True
Is 25378605 a multiple of 45?
True
Is 359 a factor of 86036504?
True
Is 42 a factor of 652256098?
False
Does 1270 divide 274095008?
False
Is 95 a factor of 50695230?
True
Is 38 a factor of 24598253?
False
Is 195 a factor of 12603435?
True
Does 1087 divide 4311042?
True
Is 67 a factor of 54793652?
False
Is 129580984 a multiple of 104?
True
Is 684 a factor of 77052600?
True
Does 33 divide 293959159?
False
Does 339 divide 426482340?
True
Does 472 divide 1600394352?
True
Is 8 a factor of 5816128?
True
Is 8 a factor of 3405074368?
True
Is 6830362 a multiple of 131?
False
Is 6911411 a multiple of 197?
False
Is 28 a factor of 84369208?
True
Is 459 a factor of 7660769?
False
Is 45334494 a multiple of 4047?
True
Does 38 divide 32631968?
True
Is 820044531 a multiple of 466?
False
Is 11334492 a multiple of 207?
True
Is 28 a factor of 468933360?
True
Is 165 a factor of 109799539?
False
Is 886504519 a multiple of 647?
True
Is 332 a factor of 45793424?
True
Does 1853 divide 85108290?
True
Is 16109518 a multiple of 614?
True
Is 77140440 a multiple of 38?
False
Is 21 a factor of 297641694?
True
Is 52 a factor of 53055543?
False
Is 968774854 a multiple of 5481?
False
Is 307880223 a multiple of 69?
False
Is 447110 a multiple of 257?
False
Does 60 divide 195175963?
False
Does 15 divide 125624697?
False
Does 434 divide 867961374?
True
Is 951 a factor of 246750264?
True
Does 134 divide 103051577?
False
Does 199 divide 36418194?
True
Does 214 divide 11426316?
True
Is 10919427 a multiple of 15?
False
Is 45 a factor of 4302434?
False
Is 64193271 a multiple of 43?
False
Is 114167954 a multiple of 17?
True
Does 1461 divide 467953917?
True
Is 53295475 a multiple of 1195?
False
Is 495689208 a multiple of 1956?
False
Does 424 divide 33231000?
True
Is 1400187660 a multiple of 70?
False
Is 1839752193 a multiple of 6405?
False
Is 8596775 a multiple of 10?
False
Does 9 divide 11324961?
True
Does 82 divide 35662948?
True
Is 3183840 a multiple of 440?
True
Does 388 divide 72824108?
True
Is 2190519 a multiple of 54?
False
Does 642 divide 1333326858?
False
Does 4 divide 50085020?
True
Does 6 divide 11127558?
True
Does 97 divide 1111232?
True
Is 92809596 a multiple of 177?
True
Does 223 divide 58425788?
False
Is 548 a factor of 882065184?
True
Does 115 divide 3681380?
True
Does 1781 divide 56149327?
False
Does 251 divide 321166404?
False
Is 76497960 a multiple of 264?
True
Is 85337325 a multiple of 225?
True
Does 428 divide 4028161804?
True
Is 2903894315 a multiple of 593?
True
Is 835199811 a multiple of 4527?
True
Is 77 a factor of 70572231?
False
Does 27 divide 5864103?
True
Is 53 a factor of 45273573?
False
Is 10 a factor of 58970970?
True
Is 25 a factor of 7388795?
False
Does 329 divide 767501070?
True
Is 2760 a factor of 37950972?
False
Is 655 a factor of 63996120?
True
Is 1256 a factor of 32429029?
False
Is 70 a factor of 2245582150?
True
Does 1023 divide 19449868?
False
Is 16 a factor of 2642886688?
True
Does 512 divide 10856448?
True
Is 202 a factor of 102066378?
False
Is 2135 a factor of 165246865?
True
Does 4 divide 962722259?
False
Is 277109101 a multiple of 4?
False
Is 76670378 a multiple of 984?
False
Is 2442787360 a multiple of 52?
True
Is 9836288 a multiple of 32?
True
Is 1164 a factor of 120796190?
False
Is 371 a factor of 170076788?
True
Does 69 divide 100748466?
False
Is 1753 a factor of 523430023?
True
Is 43804706 a multiple of 25?
False
Is 3600 a factor of 114872400?
True
Is 96184569 a multiple of 19?
False
Does 199 divide 5746265?
False
Does 59 divide 2452862106?
True
Is 8 a factor of 40199581?
False
Is 8178997 a multiple of 167?
False
Is 113099679 a multiple of 33?
True
Is 13 a factor of 1535238?
False
Is 16 a factor of 1781588041?
False
Does 515 divide 34168190?
True
Is 1053 a factor of 2233140273?
True
Does 668 divide 125318893?
False
Is 621581988 a multiple of 3294?
False
Is 2246 a factor of 97442710?
True
Does 82 divide 178091270?
False
Does 11 divide 736326778?
True
Does 7 divide 893220538?
True
Does 5186 divide 335378587?
False
Is 2046 a factor of 27539160?
True
Is 11 a factor of 96740956?
False
Is 860 a factor of 13832939?
False
Is 435 a factor of 333749674?
False
Is 50149910 a multiple of 19?
False
Is 16 a factor of 1197024104?
False
Is 5 a factor of 49841170?
True
Is 139 a factor of 35780824?
True
Is 31504550 a multiple of 35?
True
Is 17 a factor of 522160553?
False
Does 5172 divide 457030173?
False
Is 424 a factor of 1782072?
True
Is 81876335 a multiple of 1037?
True
Is 2125 a factor of 4995624?
False
Is 21401900 a multiple of 130?
True
Is 75 a factor of 8298738?
False
Does 59 divide 21121543?
False
Is 279 a factor of 27997650?
True
Is 26091341 a multiple of 173?
True
Does 7 divide 1021714100?
False
Is 12312300 a multiple of 165?
True
Is 11137699 a multiple of 3?
False
Does 110 divide 4964781949?
False
Does 16 divide 1442929568?
True
Does 36 divide 29691108?
True
Does 54 divide 27405455?
False
Does 370 divide 8249150?
True
Is 223 a factor of 1420047?
False
Does 1905 divide 75436766?
False
Does 96 divide 458208?
True
Does 331 divide 46226136?
True
Does 1976 divide 1439715576?
True
Does 4796 divide 156220108?
True
Does 283 divide 148724820?
False
Is 56 a factor of 29263679?
False
Is 16 a factor of 51877328?
True
Is 353 a factor of 162759122?
True
Is 66749557 a multiple of 14?
False
Does 148 divide 6893249?
False
Is 239 a factor of 106709632?
False
Does 82 divide 592482472?
True
Is 250279613 a multiple of 924?
False
Is 3 a factor of 26764579?
False
Is 22 a factor of 1183114461?
False
Is 1524744941 a multiple of 2993?
True
Is 27 a factor of 127384674?
False
Is 21 a factor of 48648362?
False
Is 16 a factor of 26594352?
True
Is 18 a factor of 71722152?
True
Is 30 a factor of 4106397?
False
Does 17 divide 411784608?
True
Does 538 divide 15517597?
False
Is 7537899 a multiple of 177?
True
Is 7898541 a multiple of 129?
True
Is 12 a factor of 1234325474?
False
Does 496 divide 2101210752?
True
Is 395635316 a multiple of 125?
False
Is 121069266 a multiple of 6?
True
Is 1287 a factor of 371316312?
False
Does 354 divide 167200218?
True
Is 636189395 a multiple of 3683?
False
Is 9897321 a multiple of 9?
False
Does 42 divide 359794932?
True
Is 884 a factor of 43939524?
False
Is 265548120 a multiple of 3?
True
Is 1518 a factor of 1336055556?
True
Is 7659516 a multiple of 107?
False
Is 6556200 a multiple of 35?
True
Does 3034 divide 401820